 - 18. Determine r(6).
6
Let p(v) = 6*v - 6. What is p(2)?
6
Let k(a) = 21*a - 701. What is k(34)?
13
Let f(m) = 2*m**2 - m + 4. Determine f(4).
32
Let f(b) = -b**2 - 18*b - 100. Determine f(-14).
-44
Let q(p) = -3*p - 4. What is q(7)?
-25
Let f(q) = -q**2 - 13*q - 35. What is f(-5)?
5
Let k(m) = m**2 + 6*m. Determine k(-6).
0
Let r(f) = -f**2 + 5*f + 3. Determine r(8).
-21
Let p(t) = 5*t**2 + t. Determine p(1).
6
Let l(u) = -u**3 - 6*u**2 + 9*u + 7. Determine l(-7).
-7
Let i(c) = -c**3 + 15*c**2 + 17*c - 25. What is i(16)?
-9
Let v(p) = -57*p + 287. Determine v(5).
2
Let s(w) = -11*w**2 + w + 4. Give s(-2).
-42
Let z(j) = -71*j**3 + j**2 - 6*j - 6. Determine z(-1).
72
Let v(d) = 15*d + 58. Calculate v(7).
163
Let g(c) = -4*c + 18. What is g(6)?
-6
Let w(m) = -m**2 + 10*m + 35. Calculate w(12).
11
Let t(a) = a**2 - 13*a + 27. What is t(8)?
-13
Let y(u) = u**3 - 10*u**2 + 9*u - 10. Determine y(9).
-10
Let h(v) = 16*v + 15. Determine h(0).
15
Let o(i) = i**2 - 23*i + 127. Calculate o(11).
-5
Let n(b) = b**3 - b**2 + b + 4. Calculate n(3).
25
Let y(l) = -l**3 + l**2 + l - 21. Determine y(0).
-21
Let m(f) = 2*f**2 + 6*f + 2. Calculate m(-6).
38
Let a(u) = -14*u - 122. Calculate a(-6).
-38
Let q(g) = 20*g + 133. Calculate q(-6).
13
Let m(l) = -l**3 + 6*l**2 - 8*l + 5. What is m(5)?
-10
Let r(m) = -5*m**2 + 3. Calculate r(-2).
-17
Let a(r) = 6*r - 83. What is a(9)?
-29
Let r(s) = 2*s - 27. Determine r(12).
-3
Let m(b) = -b**3 - 15*b**2 - 10*b + 61. Give m(-14).
5
Let j(s) = -s**2 - 7*s - 13. Determine j(-6).
-7
Let c(d) = -9*d**2 - 51*d - 6. What is c(-6)?
-24
Let c(r) = r**3 - 8*r**2 + 11*r + 23. Determine c(6).
17
Let i(r) = -r**3 + 8*r**2 + 5*r + 9. Give i(8).
49
Let f(p) = 3*p + 10. What is f(-5)?
-5
Let p(j) = j**2 + 11. What is p(-4)?
27
Let s(x) = -5*x - 1. What is s(-7)?
34
Let u(x) = -x**2 + 10*x + 1. Give u(11).
-10
Let o(w) = w**2 + 8*w + 10. Give o(-5).
-5
Let s(l) = -l**2 + 13*l - 6. Give s(12).
6
Let h(c) = c**2 - 2*c. What is h(-1)?
3
Let c(p) = 60*p**2 - 3*p - 3. Calculate c(2).
231
Let i(r) = -11*r**2 - 2. What is i(1)?
-13
Let p(x) = x**3 - 17*x**2 - 2*x + 43. Give p(17).
9
Let i(f) = 5*f + 14. What is i(-9)?
-31
Let f(t) = -t**2 + 8*t - 4. Determine f(7).
3
Let p(q) = -q**2 - 4*q + 11. Determine p(-6).
-1
Let s(d) = d**2 + 8*d - 8. What is s(-8)?
-8
Let i(d) = d**3 - 4*d**2 - 5*d + 7. Determine i(5).
7
Let v(h) = -h + 3. What is v(7)?
-4
Let i(s) = -s + 2. Determine i(-7).
9
Let c(u) = u - 13. Determine c(-10).
-23
Let d(u) = u - 15. Determine d(11).
-4
Let o(q) = 13*q - 29. Calculate o(5).
36
Let d(r) = -8*r + 7. Calculate d(-9).
79
Let g(p) = p**3 + 2*p**2 - 5*p + 5. What is g(-5)?
-45
Let x(o) = -8*o + 10. Calculate x(4).
-22
Let c(d) = -d**2 + 25*d - 156. Give c(12).
0
Let w(f) = 11*f + 242. Give w(-22).
0
Let l(p) = -7*p + 79. What is l(11)?
2
Let b(f) = f**2 - 4*f + 5. Determine b(2).
1
Let k(q) = -4*q**2 + 25*q. What is k(4)?
36
Let f(s) = -s**3 + 5*s**2 + 129*s - 31. Calculate f(14).
11
Let a(s) = -s**3 + 6*s**2 + 19*s - 16. Give a(8).
8
Let f(s) = -s**3 + 4*s**2 + 6*s - 3. Calculate f(5).
2
Let u(i) = -5*i**2 - 1. Calculate u(2).
-21
Let k(m) = m**2 - 4. Calculate k(3).
5
Let y(w) = 2*w**2 - 7*w + 4. Give y(5).
19
Let q(l) = 2*l**2 + 20*l + 43. Calculate q(-7).
1
Let i(h) = h**3 - 27*h**2 - h + 31. What is i(27)?
4
Let t(w) = -w**2 + 5*w + 4. Determine t(10).
-46
Let d(l) = -6*l - 12. Calculate d(5).
-42
Let h(y) = y**3 - 9*y**2 + y - 18. What is h(9)?
-9
Let j(a) = -44*a**2 + a + 2. Give j(-1).
-43
Let j(v) = 52*v - 228. Determine j(6).
84
Let x(y) = -y**3 + 16*y**2 - 12*y - 19. Determine x(15).
26
Let j(y) = -y. Determine j(-1).
1
Let o(r) = -r**2 + 46*r - 425. Give o(13).
4
Let n(k) = k + 25. Determine n(-20).
5
Let k(b) = b**2 - 10*b + 19. Calculate k(7).
-2
Let m(w) = 2*w**2 - 11*w + 15. Determine m(3).
0
Let v(x) = -2*x**2 - 4*x - 3. Give v(-2).
-3
Let v(y) = -2*y**3 - 13*y**2 - 7*y - 15. Determine v(-6).
-9
Let h(i) = -7*i**2 + i. What is h(-2)?
-30
Let t(v) = -v**3 - 14*v**2 - 11*v + 21. Calculate t(-13).
-5
Let y(j) = j**3 + 3*j**2 + j + 3. Give y(-3).
0
Let w(v) = 3*v + 7. Calculate w(0).
7
Let a(i) = -30*i - 8. Determine a(-2).
52
Let c(g) = g**3 - 7*g**2 + 3*g. Calculate c(5).
-35
Let b(k) = -k**3 + 25*k**2 + k - 28. Determine b(25).
-3
Let d(r) = -r**2 + 2*r + 1. Determine d(-1).
-2
Let v(h) = -h**2 + 13*h - 12. Determine v(9).
24
Let k(x) = x**2 - 40*x + 199. Determine k(6).
-5
Let x(q) = 12*q - 123. Calculate x(9).
-15
Let f(k) = 67*k + 3. What is f(-2)?
-131
Let g(p) = -p**2 + 9*p - 6. Give g(9).
-6
Let f(w) = 6*w + 17. Give f(2).
29
Let i(m) = -m**3 + 11*m**2 - 7*m - 14. Calculate i(10).
16
Let g(h) = -h**3 - 13*h**2 - 21*h + 11. Give g(-11).
0
Let z(w) = 27*w - 1. Give z(1).
26
Let b(w) = w**3 - w**2 + 1. What is b(0)?
1
Let s(g) = -g**2 - 13*g. Determine s(-10).
30
Let t(b) = b**3 + 6*b**2 + 3. Determine t(-6).
3
Let r(s) = s**2 - 12*s + 13. What is r(9)?
-14
Let n(a) = -a**2 + 13*a - 12. Give n(11).
10
Let a(t) = -t**2 - 25*t - 13. Give a(-24).
11
Let c(n) = -n**3 - 10*n**2 + 2*n - 2. Calculate c(-10).
-22
Let u(o) = o**2 + 5*o - 10. What is u(-6)?
-4
Let f(i) = -2*i**2 + 13*i - 21. Calculate f(2).
-3
Let g(l) = -l - 1. Give g(-2).
1
Let u(a) = a**3 - 16*a**2 + a + 7. Give u(16).
23
Let m(y) = y**3 - 4*y**2 - 5*y + 7. What is m(5)?
7
Let q(b) = b**2 - 16*b - 24. Determine q(17).
-7
Let r(l) = -3*l**2 + 14*l. What is r(7)?
-49
Let b(c) = -c**3 - 8*c**2 - 12*c + 8. What is b(-6)?
8
Let i(t) = t**3 - 7*t**2 - 3*t + 15. Determine i(7).
-6
Let i(n) = n**3 - 2*n**2 - 5*n + 6. Give i(3).
0
Let y(w) = 4*w**2 - 4*w - 10. Give y(-6).
158
Let j(n) = 2*n + 1. Give j(-1).
-1
Let m(k) = 2*k - 18. Determine m(9).
0
Let y(m) = -m**3 + 3*m**2 + 4*m - 1. Calculate y(3).
11
Let l(o) = -22*o + 64. Determine l(3).
-2
Let c(d) = d**3 + 8*d**2 + 6*d - 9. Determine c(-7).
-2
Let t(x) = -x**3 + 10*x**2 - 9*x. Calculate t(9).
0
Let o(x) = x**2 + 6*x - 4. What is o(-6)?
-4
Let a(f) = -f**3 + 9*f**2 - 8*f - 6. What is a(8)?
-6
Let l(v) = v + 2. Calculate l(-12).
-10
Let q(m) = 10*m**3 - 2*m**2 + 4*m - 2. Give q(1).
10
Let a(n) = -n**2 - 3*n + 4. What is a(-3)?
4
Let a(u) = 4*u**2 + 43*u - 14. Calculate a(-7).
-119
Let w(b) = -b**3 + 3*b**2 + 6*b + 7. Give w(5).
-13
Let f(p) = -p**3 + 3*p**2 + 9*p + 12. Give f(6).
-42
Let k(h) = -9*h**3 + h**2 + 5*h + 4. Give k(-1).
9
Let l(z) = -z**3 - 3*z + 2. Calculate l(1).
-2
Let w(z) = -z**3 - 48*z**2 - 90*z + 83. What is w(-46)?
-9
Let y(l) = 5*l + 32. What is y(-5)?
7
Let m(p) = p**3 - p**2 - 11*p - 6. Determine m(-5).
-101
Let d(z) = z**2 + 30*z - 141. What is d(-34)?
-5
Let c(b) = -b**2 - 33*b - 250. Calculate c(-21).
2
Let a(u) = 5*u**2 + 34*u - 6. Determine a(-7).
1
Let t(f) = -f**2 - 7*f + 15. Calculate t(3).
-15
Let m(d) = 4*d**2 + 185*d - 154. Give m(-47).
-13
Let z(s) = 21*s**3 - s**2 + 4*s + 4. Calculate z(-1).
-22
Let b(f) = -2*f**2 - 5*f + 4. Determine b(-4).
-8
Let b(u) = -12*u**2 + 6*u - 5. Determine b(2).
-41
Let f(i) = -7*i - 7. Give f(-6).
35
Let k(o) = 3*o + 26. Calculate k(-10).
-4
Let o(k) = 12*k - 5. Calculate o(2).
19
Let d(l) = 2*l - 25. What is d(-16)?
-57
Let u(s) = 2*s**3 - 5*s**2 - 6*s + 4. Give u(3).
-5
Let n(g) = 12*g**3 - 7*g**2 + 8*g - 3. Determine n(1).
10
Let i(d) = d**3 + 10*d**2 - 10*d + 2. Calculate i(-11).
-9
Let z(p) = -p**3 - p**2 + 4*p + 8. Determine z(-3).
14
Let o(p) = 10*p + 77. Give o(-8).
-3
Let f(s) = -s**2 + 11*s - 3. Calculate f(11).
-3
Let c(j) = -j**3 - 2*j**2 + 49*j - 1. Calculate c(-8).
-9
Let u(d) = 3*d + 6. Give u(-3).
-3
Let k(q) = q**2 - 6*q - 85. Determine k(-7).
6
Let r(m) = -41*m**3 - 1. Determine r(1).
-42
Let j(a) = -a**3 - 15*a**2 - 13*a + 5. Determine j(-14).
-9
Let w(m) = m**2 - 26*m + 89. Give w(19).
-44
Let h(r) = 34*r - 79. What is h(5)?
91
Let d(k) = -7*k**2 + 12*k + 11. Determine d(-1).
-8
Let w(d) = d**3 + 2*d**2 - 2*d + 1. Give w(2).
13
Let h(o) = -2*o**3 + 55*o**2 + 29*o - 37. What is h(28)?
-9
Let n(g) = g**3 + g**2 - 22*g - 45. Give n(-3).
3
Let j(d) = -18*d**2 + 2*d + 1. Calculate j(-1).
-19
Let z(c) = 72*c + 139. Calculate z(-2).
-5
Let r(l) = 8*l + 82. Calculate r(-10).
2
Let w(m) = 3*m**2 - 2*m + 1. What is w(3)?
22
Let k(u) = 2*u + 37. Determine k(10).
57
Let o(a) = 3*a - 61. Determine o(23).
8
Let i(p) = 3*